ose 13 = 11*y - 20. Suppose -y*q - 2*g + 44 = 0, 0*q - 3*q = -g - 32. What is the highest common divisor of 42 and q?
6
Let y(n) = 8*n - 2. Let p be y(-3). Let l = 2 - p. Suppose -l = -6*r + 2*r. Calculate the highest common factor of r and 63.
7
Let t(v) = 3*v. Let k be t(8). Suppose 12 = -19*b + 69. What is the highest common factor of b and k?
3
Suppose -15*x + 51 = -84. What is the greatest common divisor of 882 and x?
9
Let h(z) = -18*z - 84. Let q be h(-8). Calculate the greatest common divisor of 204 and q.
12
Let i be 384/40*(-1 - -6). Let n(f) = -19 + 2*f**2 + 23 + 3*f - 2*f. Let q be n(-4). What is the greatest common factor of q and i?
16
Let w = -66 - -70. Suppose w*u = -5*v + 213, 0*u + u - 62 = -3*v. Calculate the highest common factor of 47 and u.
47
Suppose -20*o + 25*o = 320. Calculate the greatest common factor of o and 104.
8
Let u(q) = 87*q - 209. Let n be u(9). What is the greatest common divisor of 14 and n?
14
Let c be (-19)/(-2) + 13/(-26). Suppose c*t = 6*t + 357. Calculate the greatest common factor of t and 17.
17
Suppose -2*m + 4*j = -68, -4*m - 4*j + 115 = -5*j. Suppose -292 = -4*s - 4*b, -s = 5*b - 32 - 53. Calculate the greatest common factor of s and m.
14
Let n = -213 + 789. What is the highest common divisor of 72 and n?
72
Let k(n) = -133*n - 379. Let c be k(-4). Calculate the greatest common factor of c and 3366.
153
Suppose s - 4*s + 15 = 0. Suppose 0 = -2*d - s*d + 28. Suppose 5*z - d*z - 7 = 0. Calculate the highest common factor of z and 21.
7
Suppose -20*q + 59*q = 21918. Let x = -139 + 252. Suppose -5*f + q = -x. Calculate the highest common factor of 27 and f.
27
Let k be (3 - 1 - -3) + 2. Let q = -7 + k. Suppose -5*r = 5*n - 50, 0*r + 4*r + 5*n - 41 = q. Calculate the greatest common factor of 99 and r.
9
Let k(j) = 14*j - 28. Let c(s) = s - 1. Let o(d) = -6*c(d) + k(d). Let a be o(4). Calculate the greatest common factor of 2 and a.
2
Suppose 4 = a + 4*m - 6, -4*m + 4 = -2*a. Suppose y - 4*u = -11, a*u - 3*u = 4*y + 44. Let q = 4 - y. What is the highest common factor of q and 3?
3
Suppose -9*q = -4*q - 20. Suppose -q*h + 107 = 99. What is the greatest common divisor of 2 and h?
2
Let v be -2 - 2 - -4 - -1*9. Calculate the highest common divisor of v and 81.
9
Let w(d) = -d**2 + 12*d + 5. Let q be w(7). Let g = 42 - q. What is the greatest common divisor of 2 and g?
2
Suppose 3*t = -3*t + 60. Suppose 5*p = j + 3 + 1, -5*p = -t. Let b be 0 + 5*j/15. What is the greatest common factor of 2 and b?
2
Suppose -2*k - 22 = -5*r, -5*r - k + 17 = 2*k. Suppose -l - z = -4*z - 26, r*l - 5*z = 83. Calculate the highest common divisor of 136 and l.
17
Let a(l) = 2*l**2 - 30*l + 31. Let g be a(14). Suppose -3*j - 9 = -5*k + 39, -4*j + 16 = 0. What is the greatest common divisor of g and k?
3
Let v = 63 - 45. Suppose 2*b - v - 70 = -2*n, -n + 24 = -3*b. What is the highest common divisor of 351 and n?
39
Let p be 1*(18 + 18 + (-6)/(-2)). Calculate the highest common divisor of p and 1053.
39
Suppose -9*f = 6*f - 1500. Calculate the greatest common factor of 125 and f.
25
Let a(v) = v**3 + 19*v**2 - 30*v - 20. Let z(f) = -20*f**2. Let o be z(-1). Let k be a(o). What is the highest common divisor of k and 36?
36
Suppose 7*z + z + z = 0. Let i be (1/2)/(2/8). Suppose z = -2*k - i*k + 32. What is the highest common divisor of k and 8?
8
Suppose y + 4*a + 43 = 0, 3*y = a + a - 59. Let w be y*((2 - 0) + 1). Let t = w + 105. What is the highest common factor of 18 and t?
18
Let p be (-10)/(-3) - (-10)/15. Suppose -90 = -p*q - 2*q. What is the highest common factor of q and 10?
5
Suppose v = -4*b + 2 + 17, -3*b = -4*v. Suppose -3*k = -7*k + b. What is the greatest common divisor of 25 and k?
1
Let k be (8 + -3)/((-2)/(-4)). Suppose 3*v + 0 = -15, 0 = -5*f - 3*v + 535. Calculate the greatest common divisor of k and f.
10
Let t be 2/4 + (-18)/(-12) - -22. Calculate the greatest common factor of t and 32.
8
Let k(c) = -c**3 - 3*c**2 + c - 9. Let j be k(-5). Let z = 15 - 3. Suppose -p + z = 2*p. What is the greatest common factor of j and p?
4
Suppose 2*c - 15 = 3*j, -5*j = 5*c - 4*c - 1. Suppose 4*z + 5*h - 27 = 229, -5*z - 3*h = -320. Let y = z - 60. Calculate the greatest common factor of y and c.
2
Let d = -174 + 902. What is the greatest common factor of 91 and d?
91
Let p(w) = w**2 - 6*w - 32. Let o be p(10). Let y = 14 + -13. What is the highest common factor of o and y?
1
Let t = 7 - -7. Let m = -7 + t. Let w be m*(-1*33)/(-3). What is the highest common factor of w and 7?
7
Let d(r) = -r**2 - 5*r + 5. Let t be d(-5). Suppose -125 = -3*l + 2*k, -2*l + 11 = -3*k - 64. What is the highest common factor of t and l?
5
Let l be (-10 + 3 - -6)*-70. What is the highest common divisor of 280 and l?
70
Suppose -z - 3*t + 986 = 0, -5*t + 3861 = 4*z - 83. What is the highest common factor of 68 and z?
34
Let d(t) = -3*t**2 + 4*t + 15. Let o be d(8). Let i = o + 13. Let m be 16/12*i/(-8). What is the highest common divisor of 176 and m?
22
Let i(f) = f**2 - 5*f + 5. Let v be i(6). Let w = 8 - 13. Let o be ((-6)/w)/((-3)/(-220)). What is the greatest common factor of v and o?
11
Let j = -330 + 336. Let l be 40/(-16)*54/(-5). What is the greatest common factor of j and l?
3
Let r be (-3)/1 - (-3 + 3). Let o be r/(-42)*-4*-7. Let s be 6*(o + 1 + 9). Calculate the greatest common factor of 9 and s.
9
Let s(u) = 3*u + 282. Let q be s(-31). Calculate the greatest common factor of q and 252.
63
Suppose 0 = -h + 4*l + 13, 5*h - 4 = -l - 2. Let r be 2/(h/(4 + -2)). Suppose -b + 23 = r. Calculate the highest common factor of b and 57.
19
Let v(q) = -q - 1. Let g be v(-3). Let p be (16/12)/(g/15). What is the greatest common divisor of p and 90?
10
Suppose 0 = -2*q + i + 1, -2*q - 2*i + 7 + 9 = 0. Suppose q*n + 2*f - 22 = 3*f, 4*n - 34 = -f. Calculate the highest common divisor of n and 4.
4
Suppose -12*d + 8*d + 16 = 0. Suppose -280 = d*y - 11*y. Let l be ((-230)/y)/((-1)/4). Calculate the highest common divisor of l and 23.
23
Let v(y) = -6 + 1 + 2 - y + 8. Let l be v(-5). Let w(t) = 10*t**2 - t + 3. Let g be w(3). Calculate the greatest common factor of l and g.
10
Let f(w) = -w**2 - 42*w - 7. Let s be f(-35). Calculate the greatest common divisor of 14 and s.
14
Suppose 4*n = 12, 2*o + 3*n - 10 = -n. Let b be 8/o*27/(-18). Let j = b - 11. Calculate the highest common divisor of 3 and j.
1
Let f = -1 + 21. What is the highest common divisor of f and 130?
10
Let q = -54 - -66. Suppose j - 6 = -2*j. What is the highest common divisor of j and q?
2
Let p = 533 + -415. Calculate the highest common factor of 1475 and p.
59
Let h = 182 - 170. Suppose 3*z - 7 = 2*z. Let f = 5 + z. What is the highest common divisor of f and h?
12
Let s(g) = 15 + 85*g**3 - 4*g - 84*g**3 - 30*g - 15*g**2. Let z be s(17). Let k be (45/4)/(1/4). What is the greatest common divisor of k and z?
15
Let g(f) = -f**2 + 5*f + 9. Let i be g(6). Suppose 120 = 4*t - 4*w, 3*w + 87 = i*t - w. What is the highest common factor of t and 11?
11
Suppose -4*n + 13 - 25 = 0. Let s be n/(-6)*1*16. Let h be (-252)/15*(-10)/3. Calculate the highest common factor of h and s.
8
Suppose -2*x + 80 = 4. Calculate the greatest common factor of x and 38.
38
Let y(p) = p**2 + 16. Let g(w) = 2*w - 14. Let j be g(3). Let t be y(j). Calculate the greatest common divisor of 32 and t.
16
Suppose 97 = -0*g - 3*g + 2*h, g + 3*h = -36. Let o be (-326)/(-8) - g/(-44). Calculate the highest common divisor of o and 60.
20
Let c be ((-4)/6 - -1)*(1 - -17). Let d = -5 + 11. What is the greatest common factor of c and d?
6
Let n = 35 - 3. Let b(w) = 2*w - 8. Let d = 6 - 0. Let r be b(d). What is the highest common factor of n and r?
4
Let q = 14 + 38. Calculate the highest common divisor of 104 and q.
52
Let b = -22 - -42. Suppose p = y + 143, 7*p + 575 = 11*p - 5*y. What is the highest common factor of b and p?
20
Let s = 185 - 98. Let w = 100 - 71. Calculate the greatest common divisor of s and w.
29
Let x be (100/(-8))/((-2)/8). Calculate the greatest common factor of x and 80.
10
Let g be -2 - 3/(-9)*3. Let k(y) = 5*y**2 - 1. Let q be k(g). Calculate the highest common factor of 10 and q.
2
Suppose 0 = 5*h + 86 - 556. Let f = h - 59. Let g = 19 + -12. Calculate the highest common divisor of f and 